*f**2 - 2 - 5*f - f**2 - 2*f**2. Suppose 4*r - 13 = 4*o - o, -4*r + 17 = o. What are the prime factors of m(r)?
2, 5
Let k = -19 - -10. Let s(d) = -d**3 - 8*d**2 + 9*d + 12. What are the prime factors of s(k)?
2, 3
Let d(t) = -8*t + 6. List the prime factors of d(-4).
2, 19
Suppose 7*g + 134 = 8*g. What are the prime factors of g?
2, 67
Let h = 5 - 25. Let c = -13 - h. List the prime factors of c.
7
What are the prime factors of (-8)/(2/1) + 37?
3, 11
Suppose 13 = -2*l - l - b, -7 = -3*l + 4*b. List the prime factors of 2/((-125)/(-41) + l).
41
Let x be 1/((-2)/(-2) - 0). List the prime factors of 11/x + -2 + 3.
2, 3
Suppose 0 = -4*v + 448 + 128. List the prime factors of v.
2, 3
Let y be (1 + 5)/(6/4). Let n = 5 - y. List the prime factors of (-2)/(-5)*n*30.
2, 3
What are the prime factors of (-4)/14*42/(-6)?
2
Let x = 57 + -33. What are the prime factors of (x/6)/(4/26)?
2, 13
Let t(a) = a**3 + 7*a**2 + 2*a - 4. Suppose 3*j - 6*j - 15 = 0. List the prime factors of t(j).
2, 3
What are the prime factors of ((-2)/4)/(11/(-110))?
5
Let a(k) be the third derivative of -k**6/120 - k**5/15 + k**4/12 - 4*k**2. What are the prime factors of a(-5)?
3, 5
Suppose -215 = -5*x + 4*z, 0*x = -3*x + 3*z + 129. List the prime factors of x.
43
Let b(y) be the second derivative of -y**5/20 + 7*y**4/12 + y**3/2 - 4*y**2 - 3*y. What are the prime factors of b(7)?
13
Let y(h) = 3*h**2 + 2*h + 6. Let v = 11 + -16. Let w be y(v). Suppose -w = -5*n - 1. What are the prime factors of n?
2, 7
Let y(i) be the second derivative of i**4/6 - 5*i**3/6 - 2*i**2 - 3*i. What are the prime factors of y(-3)?
29
Let b(l) = 17*l**2 - 13*l + 15. Let a(p) = 8*p**2 - 6*p + 7. Let w(n) = 13*a(n) - 6*b(n). Let m be w(1). Suppose 5 = j - m. What are the prime factors of j?
2
Let x(h) = -3*h - 5. Let b be x(-5). Let j = b + 10. Suppose -5*w + i = -4 - 61, j = -4*i. What are the prime factors of w?
2, 3
Let f(g) be the first derivative of -2 + 0*g + 1/2*g**2. List the prime factors of f(5).
5
Suppose -5*h + 2 = -x, 3*x = 3*h - 2 - 4. Suppose t - 6*t - 65 = h. Let u = t + 22. What are the prime factors of u?
3
Suppose 3*v - 2*p + 68 = 0, 0*p + p - 47 = 2*v. Let j = -8 - v. List the prime factors of j.
2, 3
Let y(c) = -c**3 + 12*c**2 + 9*c + 12. What are the prime factors of y(12)?
2, 3, 5
Let y = -1 - -5. Suppose 2*l - y*q = -12, 10 = -0*q + 2*q. Suppose 9*j = l*j + 35. What are the prime factors of j?
7
Let q be 3 - -7 - -1*1. Suppose y + 2*u - 14 = 0, 3*u = 2*y - q - 3. What are the prime factors of y?
2, 5
Suppose 4*f + 45 = a - 30, 375 = 5*a - 3*f. What are the prime factors of a?
3, 5
Suppose -542 = -8*c + 58. What are the prime factors of c?
3, 5
Let n(y) = -y**3 + 5*y**2 - 2*y + 3. Let i be n(5). Let l be 2/i + (-321)/(-21). Let p = -2 + l. List the prime factors of p.
13
Suppose 0 = -f - 0*f - 3*q + 18, 5*q = 20. List the prime factors of f.
2, 3
Let v(m) be the third derivative of m**5/30 - 7*m**4/24 + m**2. What are the prime factors of v(5)?
3, 5
Suppose 4*f = -0*f + 476. List the prime factors of f.
7, 17
Let a(x) be the third derivative of -x**6/120 - x**5/20 - 5*x**4/24 - 2*x**3/3 + x**2. List the prime factors of a(-3).
11
What are the prime factors of 0 + 2 + (10 - -11)?
23
Suppose 5*x + 12 = 4*g + x, -3*g = 4*x - 23. Suppose -3*z = 4*a + a - 21, 0 = 2*z + g*a - 9. What are the prime factors of z?
2, 3
Let m be (-27)/2 - (-2)/4. Let y = m - -21. List the prime factors of y.
2
Let v be 1 - ((1 - -1) + -1). Suppose 5*u - 3 = 4*u - 4*h, v = 3*h. List the prime factors of u.
3
Let x = 7 + -4. What are the prime factors of 77/14*(-1 + x)?
11
Let d(l) = -3*l + 10. What are the prime factors of d(-10)?
2, 5
Let a = 15 + 12. Let i = a - 5. Suppose 41 = 3*g - m, g - m = m + i. What are the prime factors of g?
2, 3
Suppose 88 = 5*g + 4*q, -4*g + 72 = -3*q - 17. List the prime factors of g.
2, 5
List the prime factors of 26*(-1)/6*-69.
13, 23
Suppose 27 = 3*d - 5*a - 19, -d - 2*a = 3. Let c(r) = -r**2 + 9*r - 10. What are the prime factors of c(d)?
2
Suppose m = -5*m + 120. What are the prime factors of m?
2, 5
Let i(q) = -4*q**2 + 3*q - 66. Let h(a) = 5*a**2 - 4*a + 66. Let v(b) = 3*h(b) + 4*i(b). Let y be v(0). List the prime factors of 4/14 + y/(-14).
5
Let t(w) be the third derivative of w**4/24 - w**3/6 + 3*w**2. Let b(f) = 2*f**2 - 3*f + 6. Let d(c) = b(c) + 5*t(c). List the prime factors of d(2).
13
Suppose -2*g + 7*j - 2*j - 11 = 0, 0 = 3*g - j + 23. Let x = g - -17. Suppose 0*f = 3*f - x. List the prime factors of f.
3
Let v be (-49)/(-3) + (-4)/(-6). Let z = v + -2. What are the prime factors of z?
3, 5
Suppose -5*z = -d - 3*d + 460, -5*d + 3*z + 588 = 0. List the prime factors of d.
2, 3, 5
Let a(i) = -i**3 + 6*i**2 + 5*i - 3. List the prime factors of a(6).
3
Let k(i) = -102*i - 1. What are the prime factors of k(-1)?
101
What are the prime factors of ((-2)/4)/((-163)/(-82) - 2)?
41
Let j = -28 + 59. List the prime factors of j.
31
Suppose -4*f = -8*f + 188. Let p = -24 + f. List the prime factors of p.
23
Let k = 12 + -4. Let b = 4 + k. Suppose -3*w + 0 = -b. List the prime factors of w.
2
Let p = -14 - -56. Suppose 4*h = 3*l + 53, 0 = 4*h - 5*l - 9 - p. List the prime factors of h.
2, 7
Let g(o) be the second derivative of o**4/6 - o**3/3 - o**2/2 - 3*o. List the prime factors of g(3).
11
Let l = 155 - 87. Suppose -48 = -5*w - 3*u - 0*u, 5*w = 2*u + l. What are the prime factors of w?
2, 3
Let u(f) = 4*f + 3 + f**2 - 3*f + 2*f. List the prime factors of u(-3).
3
List the prime factors of (-4)/(-18) + (-19)/((-342)/320).
2, 3
Let p(w) = 3*w**2 - 9*w - 15. Let v(t) = 2*t**2 - 10*t - 15. Let c(x) = 3*p(x) - 4*v(x). What are the prime factors of c(-12)?
3
List the prime factors of -6*10/(-15)*34.
2, 17
Let s be (6/(-9))/((-6)/171). Let n = s + -17. What are the prime factors of n?
2
Suppose -4*z + 41 = -3*f + z, -2*f + 5*z = 34. Suppose 41 = 4*m + 1. Let l = f + m. List the prime factors of l.
3
Let s = -3 + 3. Let j = 7 + s. What are the prime factors of j?
7
Let t(s) = s**2 + 10*s + 12. Let x be t(-9). Suppose -4*v = -r + 10 + 1, v - x*r = 11. Let b = v - -15. List the prime factors of b.
11
Suppose -4*y + 0*y = 60. Let w = y + 27. Suppose 0 = 5*u - 3 - w. What are the prime factors of u?
3
Let m = -24 + 46. List the prime factors of m.
2, 11
Let t be 2/(-1) + 1 + 23. Let s = t + -9. Suppose 3*x = -4*k + 46, 2 + s = x + k. What are the prime factors of x?
2, 7
Let l(o) be the first derivative of o**5/120 - o**4/24 - 2*o**3/3 + 1. Let k(q) be the third derivative of l(q). List the prime factors of k(3).
2
Let n(v) = v**3 - 4*v**2 + v + 4. Let q be n(4). Let u be -5 + (0 - -4) + 14. Let g = u - q. What are the prime factors of g?
5
Let z(q) = -q + 15. Let c be z(10). Suppose 0*s - c = -s. List the prime factors of s.
5
Let c = -1 - 7. Let q(x) = -x**3 - 7*x**2 + 6*x. List the prime factors of q(c).
2
Suppose -2*p - p = -a + 2, p + 30 = 3*a. Let k be (1/2)/((-7)/(-308)). Let j = k - a. List the prime factors of j.
11
Suppose -32 = -5*b + z, 2*z + 1 = -2*b + 9. Suppose 30 = i + 3*y + b, 3*i = -y + 80. What are the prime factors of i?
3
Let i be ((-1)/2)/((-3)/(-108)). Let s = 26 + i. What are the prime factors of s?
2
Let q = -10 - -13. Let g = 7 - q. Suppose 5*n + 26 = 3*l - 0*l, -12 = g*l + 5*n. List the prime factors of l.
2
Let n = 75 - 45. Let w = 45 - n. List the prime factors of w.
3, 5
Let v(c) = 1 - 6 - c - 4*c + c. What are the prime factors of v(-4)?
11
Suppose -74 = -5*r + 116. What are the prime factors of r?
2, 19
Suppose -4*a + q = -320, 3*a = 5*q - 4*q + 239. What are the prime factors of a?
3
Let c be (-3 + (-1 - 6))*2*1. Suppose -3*t = -9, -3*l + 5*t + 0*t = 54. Let g = l - c. List the prime factors of g.
7
Suppose f + 0*f = -5*p + 89, -4*f - p + 413 = 0. What are the prime factors of f?
2, 13
Let d(w) = -w**2 - 6*w - 3. Let b be d(-5). Suppose z + b = 14. Suppose 3*r - z = -3*q, -32 = -2*q - 3*q + r. List the prime factors of q.
2, 3
List the prime factors of (73 - (-3 - -3))*1.
73
Let i(f) = -f**2 + 14*f - 9. List the prime factors of i(13).
2
Suppose -142 = -2*z + 40. What are the prime factors of z?
7, 13
Let p(m) = -11*m. Let z be p(-1). Suppose -2*g + z = -3*g + 5*c, 5*g - 80 = -2*c. What are the prime factors of g?
2, 7
Let z be (-1)/(-3) + (-37)